{"id":916,"date":"2025-08-27T13:05:55","date_gmt":"2025-08-27T11:05:55","guid":{"rendered":"https:\/\/vapeberlin.de\/?post_type=product&#038;p=916"},"modified":"2025-08-27T13:05:55","modified_gmt":"2025-08-27T11:05:55","slug":"elfa-master-basisgeraet-dusty-pink","status":"publish","type":"product","link":"https:\/\/vapeberlin.de\/?product=elfa-master-basisgeraet-dusty-pink","title":{"rendered":"Elfa Master Basisger\u00e4t Dusty Pink"},"content":{"rendered":"<p>Das Elfbar Elfa Master Basisger\u00e4t ist ein wiederaufladbares Pod-System mit einem 850 mAh Akku und einem Farbdisplay, das eine einstellbare Leistung von 9-18 Watt bietet. Es ist mit allen Elfa Pods (Prefilled und Refillable) kompatibel und erm\u00f6glicht eine individuelle Anpassung des Dampferlebnisses. Die Bedienung erfolgt \u00fcber eine Zugautomatik, und das Ger\u00e4t verf\u00fcgt \u00fcber einen USB-C Anschluss f\u00fcr schnelles Aufladen.<\/p>\n","protected":false},"excerpt":{"rendered":"<p>Das Elfbar Elfa Master Basisger\u00e4t ist ein wiederaufladbares Pod-System mit einem 850 mAh Akku und einem Farbdisplay, das eine einstellbare Leistung von 9-18 Watt bietet. Es<span class=\"excerpt-hellip\"> [\u2026]<\/span><\/p>\n","protected":false},"featured_media":914,"comment_status":"open","ping_status":"closed","template":"","meta":[],"product_brand":[],"product_cat":[45],"product_tag":[],"class_list":{"0":"post-916","1":"product","2":"type-product","3":"status-publish","4":"has-post-thumbnail","6":"product_cat-akkus-ladegeraete","8":"first","9":"instock","10":"taxable","11":"shipping-taxable","12":"purchasable","13":"product-type-simple"},"_links":{"self":[{"href":"https:\/\/vapeberlin.de\/index.php?rest_route=\/wp\/v2\/product\/916","targetHints":{"allow":["GET"]}}],"collection":[{"href":"https:\/\/vapeberlin.de\/index.php?rest_route=\/wp\/v2\/product"}],"about":[{"href":"https:\/\/vapeberlin.de\/index.php?rest_route=\/wp\/v2\/types\/product"}],"replies":[{"embeddable":true,"href":"https:\/\/vapeberlin.de\/index.php?rest_route=%2Fwp%2Fv2%2Fcomments&post=916"}],"wp:featuredmedia":[{"embeddable":true,"href":"https:\/\/vapeberlin.de\/index.php?rest_route=\/wp\/v2\/media\/914"}],"wp:attachment":[{"href":"https:\/\/vapeberlin.de\/index.php?rest_route=%2Fwp%2Fv2%2Fmedia&parent=916"}],"wp:term":[{"taxonomy":"product_brand","embeddable":true,"href":"https:\/\/vapeberlin.de\/index.php?rest_route=%2Fwp%2Fv2%2Fproduct_brand&post=916"},{"taxonomy":"product_cat","embeddable":true,"href":"https:\/\/vapeberlin.de\/index.php?rest_route=%2Fwp%2Fv2%2Fproduct_cat&post=916"},{"taxonomy":"product_tag","embeddable":true,"href":"https:\/\/vapeberlin.de\/index.php?rest_route=%2Fwp%2Fv2%2Fproduct_tag&post=916"}],"curies":[{"name":"wp","href":"https:\/\/api.w.org\/{rel}","templated":true}]}}