{"id":689,"date":"2025-07-14T16:51:19","date_gmt":"2025-07-14T14:51:19","guid":{"rendered":"https:\/\/vapeberlin.de\/?post_type=product&#038;p=689"},"modified":"2025-08-11T14:15:26","modified_gmt":"2025-08-11T12:15:26","slug":"lost-mary-bm600","status":"publish","type":"product","link":"https:\/\/vapeberlin.de\/?product=lost-mary-bm600","title":{"rendered":"Lost Mary BM600"},"content":{"rendered":"<p>Die\u00a0<strong>Lost Mary BM 600<\/strong>\u00a0bietet dir ein unkompliziertes und intensives Dampferlebnis \u2013 ganz ohne Aufladen oder Nachf\u00fcllen. Mit bis zu 600 Z\u00fcgen, einem fest verbauten 550 mAh Akku und 2 ml Nikotinsalz Liquid \u00fcberzeugt diese Einweg-Zigarette mit gleichbleibender Dampf- und Geschmacksqualit\u00e4t.<\/p>\n","protected":false},"excerpt":{"rendered":"<p>Die\u00a0Lost Mary BM 600\u00a0bietet dir ein unkompliziertes und intensives Dampferlebnis \u2013 ganz ohne Aufladen oder Nachf\u00fcllen. Mit bis zu 600 Z\u00fcgen, einem fest verbauten 550 mAh<span class=\"excerpt-hellip\"> [\u2026]<\/span><\/p>\n","protected":false},"featured_media":377,"comment_status":"open","ping_status":"closed","template":"","meta":[],"product_brand":[450,451],"product_cat":[41],"product_tag":[],"class_list":{"0":"post-689","1":"product","2":"type-product","3":"status-publish","4":"has-post-thumbnail","6":"product_brand-lost-mary","7":"product_brand-lost-mary-bm600","8":"product_cat-einweg-vapes","10":"first","11":"instock","12":"taxable","13":"shipping-taxable","14":"purchasable","15":"product-type-variable"},"_links":{"self":[{"href":"https:\/\/vapeberlin.de\/index.php?rest_route=\/wp\/v2\/product\/689","targetHints":{"allow":["GET"]}}],"collection":[{"href":"https:\/\/vapeberlin.de\/index.php?rest_route=\/wp\/v2\/product"}],"about":[{"href":"https:\/\/vapeberlin.de\/index.php?rest_route=\/wp\/v2\/types\/product"}],"replies":[{"embeddable":true,"href":"https:\/\/vapeberlin.de\/index.php?rest_route=%2Fwp%2Fv2%2Fcomments&post=689"}],"wp:featuredmedia":[{"embeddable":true,"href":"https:\/\/vapeberlin.de\/index.php?rest_route=\/wp\/v2\/media\/377"}],"wp:attachment":[{"href":"https:\/\/vapeberlin.de\/index.php?rest_route=%2Fwp%2Fv2%2Fmedia&parent=689"}],"wp:term":[{"taxonomy":"product_brand","embeddable":true,"href":"https:\/\/vapeberlin.de\/index.php?rest_route=%2Fwp%2Fv2%2Fproduct_brand&post=689"},{"taxonomy":"product_cat","embeddable":true,"href":"https:\/\/vapeberlin.de\/index.php?rest_route=%2Fwp%2Fv2%2Fproduct_cat&post=689"},{"taxonomy":"product_tag","embeddable":true,"href":"https:\/\/vapeberlin.de\/index.php?rest_route=%2Fwp%2Fv2%2Fproduct_tag&post=689"}],"curies":[{"name":"wp","href":"https:\/\/api.w.org\/{rel}","templated":true}]}}