{"id":617,"date":"2025-07-14T16:18:02","date_gmt":"2025-07-14T14:18:02","guid":{"rendered":"https:\/\/vapeberlin.de\/?post_type=product&#038;p=617"},"modified":"2025-07-14T16:18:02","modified_gmt":"2025-07-14T14:18:02","slug":"flerbar-liquid","status":"publish","type":"product","link":"https:\/\/vapeberlin.de\/?product=flerbar-liquid","title":{"rendered":"Flerbar Liquid"},"content":{"rendered":"<p>Die neuen Flerbar Liquids sind da und setzen neue Ma\u00dfst\u00e4be in der Welt des Dampfens! Mit einer gro\u00dfen Auswahl an 20 Geschmacksrichtungen, die speziell f\u00fcr Dampfer entwickelt wurden, bieten die Flerbar Liquids nicht nur intensive Aromen, sondern auch ein herausragendes Dampferlebnis. Egal ob fruchtig, erfrischend oder cremig &#8211; Hier bei Flerbar findest du garantiert deinen Favoriten.<\/p>\n","protected":false},"excerpt":{"rendered":"<p>Die neuen Flerbar Liquids sind da und setzen neue Ma\u00dfst\u00e4be in der Welt des Dampfens! Mit einer gro\u00dfen Auswahl an 20 Geschmacksrichtungen, die speziell f\u00fcr Dampfer<span class=\"excerpt-hellip\"> [\u2026]<\/span><\/p>\n","protected":false},"featured_media":375,"comment_status":"open","ping_status":"closed","template":"","meta":[],"product_brand":[443,447],"product_cat":[40],"product_tag":[],"class_list":{"0":"post-617","1":"product","2":"type-product","3":"status-publish","4":"has-post-thumbnail","6":"product_brand-flerbar","7":"product_brand-flerbar-liquid","8":"product_cat-e-liquids","10":"first","11":"instock","12":"taxable","13":"shipping-taxable","14":"purchasable","15":"product-type-variable"},"_links":{"self":[{"href":"https:\/\/vapeberlin.de\/index.php?rest_route=\/wp\/v2\/product\/617","targetHints":{"allow":["GET"]}}],"collection":[{"href":"https:\/\/vapeberlin.de\/index.php?rest_route=\/wp\/v2\/product"}],"about":[{"href":"https:\/\/vapeberlin.de\/index.php?rest_route=\/wp\/v2\/types\/product"}],"replies":[{"embeddable":true,"href":"https:\/\/vapeberlin.de\/index.php?rest_route=%2Fwp%2Fv2%2Fcomments&post=617"}],"wp:featuredmedia":[{"embeddable":true,"href":"https:\/\/vapeberlin.de\/index.php?rest_route=\/wp\/v2\/media\/375"}],"wp:attachment":[{"href":"https:\/\/vapeberlin.de\/index.php?rest_route=%2Fwp%2Fv2%2Fmedia&parent=617"}],"wp:term":[{"taxonomy":"product_brand","embeddable":true,"href":"https:\/\/vapeberlin.de\/index.php?rest_route=%2Fwp%2Fv2%2Fproduct_brand&post=617"},{"taxonomy":"product_cat","embeddable":true,"href":"https:\/\/vapeberlin.de\/index.php?rest_route=%2Fwp%2Fv2%2Fproduct_cat&post=617"},{"taxonomy":"product_tag","embeddable":true,"href":"https:\/\/vapeberlin.de\/index.php?rest_route=%2Fwp%2Fv2%2Fproduct_tag&post=617"}],"curies":[{"name":"wp","href":"https:\/\/api.w.org\/{rel}","templated":true}]}}